-27) - 2/9?
7
Let k(l) = 2*l**2 - l + 2. Let h be k(2). Let u be (3 - 0) + 2 - -7. Suppose -h*w = -10*w + u. What is the units digit of w?
6
Let w = -21 + 16. Let t be ((-6)/(-10))/(w/25). What is the units digit of (0 + t)/(4/(-32))?
4
Let n = 10 - 15. Let t = n - -9. Suppose 0 = 2*w + t*c - 40, -6*w = -5*w - 4*c - 2. What is the tens digit of w?
1
Let x(n) = -2*n**3 + 19*n**2 - 15*n - 50. What is the tens digit of x(-12)?
2
Suppose -5*s - 85*s = -115110. What is the tens digit of s?
7
Let d be ((-1)/2)/((-6520)/6528 - -1). Let o = -196 - d. What is the units digit of o?
2
Suppose u = 6*x - 11*x + 500, 0 = 5*x + 5*u - 500. Let l = -37 + x. What is the tens digit of l?
6
Suppose -6833 = -9*b + 3319. What is the hundreds digit of b?
1
Let y(u) = 28*u + 7. Let t be y(-4). What is the tens digit of (-230)/(-4)*(-252)/t?
3
Let n = 69 - 31. Suppose -43*f = -n*f. Suppose f = 6*z - 107 - 91. What is the tens digit of z?
3
Let x be (21 + -22)*(1 + -89). Suppose x = 8*s - 4*s. What is the units digit of s?
2
Let t = 7 - 4. Let c(y) = -3*y**3 + 5*y - 10. Let s be c(t). Let g = 139 + s. What is the units digit of g?
3
Suppose 0 = 5*h + 5*k - 5110, -2034 = -2*h + 3*k - 0*k. What is the hundreds digit of h?
0
Suppose -5*w + 931 = -1699. What is the hundreds digit of w?
5
Let f(s) = 6*s**2 + 26*s + 23. What is the hundreds digit of f(-19)?
6
Let z(u) = u**2 + 13*u - 54. What is the tens digit of z(17)?
5
Let g = 110 - 94. Suppose -22*s = -g*s - 18. What is the units digit of s?
3
Suppose -5*q - 18 = -53. Suppose -8 = -4*m, -5*f - 201 = 4*m - q*m. Let g = 56 + f. What is the units digit of g?
7
Suppose 0*c = -c - 2. Suppose 0 = -3*i + s + 75, -i - i + s + 51 = 0. What is the units digit of i/12 - 26/c?
5
Let h = 197 + 83. Suppose h = 5*i - 3*i. What is the units digit of i?
0
Suppose 5*m + 2*u + 0*u = 18, 2*u = 8. Suppose 114 = -m*r + 4*c, -5*r + 0*r + c = 258. Let d = 75 + r. What is the tens digit of d?
2
Suppose -5*z + 17 = -18. Suppose -z*s = 1450 + 104. Let o = -152 - s. What is the units digit of o?
0
Suppose -f - o + 206 = 0, -o = -f + 72 + 126. Suppose -9*k = -11*k + f. What is the tens digit of k?
0
Let b = -18 - -30. Let p(n) = n - 8. Let m be p(b). Suppose -69 = -5*c - x, -2*c - m*x = -x - 38. What is the units digit of c?
3
Suppose 3*t - 842 - 799 = 0. Suppose 0 = 5*o + 47 - t. What is the hundreds digit of o?
1
Let y = 474 - 318. Suppose -5*h + a = 3*a - y, 5*a = 3*h - 75. What is the tens digit of h?
3
Suppose 3*t + 1089 = 3855. What is the units digit of t?
2
Let v(o) = -153*o + 176. What is the hundreds digit of v(-9)?
5
Suppose -s - 5*d + 6 = -d, -s = -5*d + 3. Let f be (s/8)/((-1)/(-20)). Suppose 0 = -4*x - f + 53. What is the units digit of x?
2
Suppose 1 = -y + 3. Suppose y*a + 34 = -10. What is the tens digit of 20*(-2 - a/8)?
1
Suppose 0 = -10*z + z + 6948. What is the hundreds digit of z?
7
Let g = 857 - -1193. What is the hundreds digit of g?
0
What is the tens digit of (8 + 514)*(3 - 2)?
2
What is the units digit of (-1 + (-4101)/(-15))/(36/90)?
1
Suppose -10*q - 3*q + 871 = 0. Let g = q - 63. What is the units digit of g?
4
Let t = 4 - -32. Suppose 3*p + 10 = 5*s, -s + 6*p - 2*p = 15. Suppose t = x + s. What is the tens digit of x?
3
Let u(t) = -6*t - 62. Let o be u(-11). What is the tens digit of o/((-20)/(-945)) + 2?
9
Let k = 30 + -28. Suppose k*x + 3*x - 27 = -h, 5*h = 4*x - 10. What is the units digit of h?
2
Let r = -27 - -17. Let h = r + 13. Suppose h*a + 40 + 37 = l, -l - 2*a = -57. What is the units digit of l?
5
Suppose -11*n - 3*c - 4347 = -14*n, 2*c = 3*n - 4342. What is the hundreds digit of n?
4
Let w(p) = p**2 - 11*p + 24. Let m be w(7). Let a be (3 - -10) + m - 4. Suppose 5*y + 3*t - 322 = 0, -300 - 27 = -a*y + 2*t. What is the tens digit of y?
6
Suppose 28*k = 29*k - 119. Suppose 0 = 3*q - k + 11. What is the tens digit of q + -4 + 3 + -2?
3
Let s be (-4 - 0) + (-1 - 4). What is the tens digit of s*10*12/(-30)?
3
Suppose -5*p - 5 = 4*g, g + 2*g + 15 = 0. Let b(v) = 4*v**3 - v**2 + 4*v - 4. What is the hundreds digit of b(p)?
1
Let r = 42 - 41. What is the units digit of 2/((-2)/41*r/(-2))?
2
Let g be 1 + (-1 - (-4 + -1)). Let y = -625 - -654. Suppose 4*n = g*n - y. What is the tens digit of n?
2
Let k(i) = i**2 + i - 1. Let s(t) = -2*t**2 - 8*t + 7. Let w(b) = -3*k(b) - s(b). What is the units digit of w(3)?
2
Let m(t) = -12*t**2 + 15*t - 6. Let s(v) = -6*v**2 + 7*v - 3. Let x(l) = 4*m(l) - 9*s(l). Let o be x(3). Let z = o + -15. What is the tens digit of z?
3
What is the tens digit of ((-37818)/(-36))/(8/16)?
0
Suppose 4*x - 320 = -c - 2*c, -x - 3*c = -80. What is the tens digit of x?
8
Let b(n) = -10*n**3 + 26*n**2 - 17*n. Let j(m) = -7*m**3 + 17*m**2 - 11*m. Let i(w) = 5*b(w) - 7*j(w). What is the tens digit of i(8)?
2
Suppose 2*t - d + 0 = -72, 43 = -t + 4*d. Let b be ((-32)/40)/((-2)/t). Let c = -7 - b. What is the units digit of c?
7
Let i = -20 - -25. Suppose 4*k + i*n + 0*n - 220 = 0, 0 = k + n - 56. What is the units digit of k?
0
Let j(u) = 41*u**3 - 3*u**2 - 8. What is the thousands digit of j(3)?
1
Suppose 0 = 4*m + 298 - 1978. What is the tens digit of m?
2
Let j = -29 + 23. Let o(x) be the third derivative of -x**6/120 - x**5/15 + 7*x**4/24 - 4*x**3/3 + x**2. What is the tens digit of o(j)?
2
Suppose 3*r + 3*t = 6*r + 3, 6 = -r + 2*t. Suppose 3*y - r*o = 536, -835 = -5*y - 4*o - o. What is the hundreds digit of y?
1
Suppose -4*y - 45 = 435. Let w be (2/(-5))/(3/y). What is the units digit of (0 + w/10)*10?
6
Suppose 33 = 3*i + i + 3*w, i - 2 = -2*w. Let g(s) = s**2 - 10*s + 2. What is the tens digit of g(i)?
2
Let f(l) = -349*l + 24. What is the hundreds digit of f(-6)?
1
Suppose -2*z = 8, 2*d - 96 = -0*z + 5*z. What is the tens digit of d?
3
Suppose 0 = -5*h - 3*s - 2*s + 55, 3*s - 15 = 0. Suppose -h*r + 11*r - 730 = 0. What is the units digit of r?
6
Let q = 37 + -28. Let j be 38/q - (-20)/(-90). Suppose 2*o = 5*y - 276, 3*y = -j*o + 2*o + 172. What is the tens digit of y?
5
Let f be (-118)/(-10) - (-11)/55. Suppose 82 = 2*h - f. What is the tens digit of h?
4
Let w(l) = l**3 - 15*l**2 + 7. Let r = -16 - -21. Let t(u) = -u**3 + 6*u**2 - 2*u. Let k be t(r). What is the units digit of w(k)?
7
Suppose -2*a - 315 = 5*v, -2*v = v + 2*a + 185. Let j = v - -102. Suppose -j = -7*n + 5. What is the units digit of n?
6
Let y(d) = -d + 45. What is the tens digit of y(-14)?
5
Let q = -11 - -40. Let p = -19 + q. What is the tens digit of (-10)/4*(-72)/p?
1
Suppose -8*i = -14*i + 12. Suppose i*z - 8 = 18. What is the tens digit of z?
1
Let d(n) = -12*n - 6. Let v be d(-6). Let b = v - 41. Suppose 4*y = -y + b. What is the units digit of y?
5
Suppose 0 = 2*y - 5*g - 4530, -5*g = 3*y + 2895 - 9690. What is the units digit of y?
5
What is the hundreds digit of ((-6)/(-18))/(5/11430)?
7
Let b(w) = -w**2 - 37*w + 105. What is the units digit of b(-29)?
7
Let w(y) = y**3 - 4*y**2 - 3*y - 3. Suppose 4*q = 6*q - 10. What is the units digit of w(q)?
7
Suppose -11 = 3*x - 62. Let r(n) = 31*n**2 + n. Let c be r(1). Suppose p + 4*s = c + x, p - 2*s = 49. What is the units digit of p?
9
Suppose -m + 341 + 142 = x, 489 = x - 2*m. What is the tens digit of x?
8
Let g(l) = -l**3 + 6*l**2 - l - 3. Let b be 4/((-4)/(-1))*15. Suppose 9*n = 4*n + b. What is the tens digit of g(n)?
2
Let i(v) be the second derivative of 35*v**4/4 - v**3/6 + v**2 - 15*v. What is the hundreds digit of i(1)?
1
Let w(q) = -11*q**2 + 4 - 4*q + 0 + q**3 + 11*q + 5. Let k be w(10). Let s = 43 + k. What is the units digit of s?
2
Suppose -56 = -h - s - 3*s, -328 = -5*h - 4*s. Let u be 60/14 + 2/(-7). Suppose u*n + 2*k = h, 3*n + 4*k + 3 = 59. What is the tens digit of n?
1
Let o = -40 + 90. Suppose g + 14 = -w, 2*g + 4*w + o = 12. Let l = -3 - g. What is the units digit of l?
6
Let h be (-2)/(-3) - (-12)/(-18). Suppose -v + 4*v - 6 = h. What is the units digit of (v - -1)*1*1?
3
Suppose 3887 = 3*t - 2041. What is the hundreds digit of t?
9
Let y = 440 - 209. What is the units digit of y?
1
Suppose 3*h = -2*s + 33, -5*h + 2*s + 55 = -3*s. Let g(k) = k + 9. Let m be g(h). Suppose -4*v = 5*u - m, 4*v - 4*u - 14 = 42. What is the units digit of v?
0
Let f(u) = -4*u + u + 5*u - 2. Let l(k) = -k. Let m(b) = f(b) - 5*l(b). What is the tens digit of m(5)?
3
Let 